{"id":102,"date":"2020-04-26T15:12:38","date_gmt":"2020-04-26T15:12:38","guid":{"rendered":"https:\/\/mentoring.com.bo\/?page_id=102"},"modified":"2023-03-08T09:23:27","modified_gmt":"2023-03-08T13:23:27","slug":"contacto","status":"publish","type":"page","link":"https:\/\/mentoring.com.bo\/index.php\/contacto\/","title":{"rendered":"Contacto"},"content":{"rendered":"<p>[et_pb_section fb_built=\u00bb1&#8243; admin_label=\u00bbHero\u00bb _builder_version=\u00bb3.22&#8243; use_background_color_gradient=\u00bbon\u00bb background_color_gradient_start=\u00bb#8834fd\u00bb background_color_gradient_end=\u00bb#c756ec\u00bb background_color_gradient_direction=\u00bb60deg\u00bb custom_padding=\u00bb0px|0px|100px|0px||\u00bb][et_pb_row column_structure=\u00bb1_2,1_2&#8243; _builder_version=\u00bb3.25&#8243; custom_padding=\u00bb|||\u00bb][et_pb_column type=\u00bb1_2&#8243; _builder_version=\u00bb3.25&#8243; custom_padding=\u00bb||60px|\u00bb custom_padding__hover=\u00bb|||\u00bb][et_pb_text _builder_version=\u00bb4.4.4&#8243; text_font=\u00bbOpen Sans|600||on|||||\u00bb text_line_height=\u00bb1.8em\u00bb header_font=\u00bbOpen Sans|600|||||||\u00bb header_font_size=\u00bb14px\u00bb background_layout=\u00bbdark\u00bb max_width=\u00bb550px\u00bb custom_margin=\u00bb|||\u00bb custom_padding=\u00bb|||\u00bb][\/et_pb_text][et_pb_text _builder_version=\u00bb4.4.4&#8243; text_font=\u00bbOpen Sans|600|||||||\u00bb text_font_size=\u00bb16px\u00bb text_line_height=\u00bb1.8em\u00bb header_font=\u00bbPoppins||||||||\u00bb header_font_size=\u00bb36px\u00bb header_line_height=\u00bb1.4em\u00bb background_layout=\u00bbdark\u00bb max_width=\u00bb550px\u00bb]<\/p>\n<h1 bis_size=\"{&quot;x&quot;:10,&quot;y&quot;:30,&quot;w&quot;:309,&quot;h&quot;:47,&quot;abs_x&quot;:1045,&quot;abs_y&quot;:413}\">Contactos<\/h1>\n<p bis_size=\"{&quot;x&quot;:10,&quot;y&quot;:99,&quot;w&quot;:309,&quot;h&quot;:23,&quot;abs_x&quot;:1045,&quot;abs_y&quot;:482}\">Si estas interesado en saber como podemos ser un aliado estrat\u00e9gico en t\u00fa negocios, comun\u00edcate con nosotros, tenemos la seguridad que podemos ayudarte.<\/p>\n<p>[\/et_pb_text][et_pb_button button_url=\u00bb@ET-DC@eyJkeW5hbWljIjp0cnVlLCJjb250ZW50IjoicG9zdF9saW5rX3VybF9wYWdlIiwic2V0dGluZ3MiOnsicG9zdF9pZCI6IjEwMiJ9fQ==@\u00bb button_text=\u00bbCont\u00e1ctenos\u00bb button_alignment=\u00bbleft\u00bb _builder_version=\u00bb4.4.4&#8243; _dynamic_attributes=\u00bbbutton_url\u00bb custom_button=\u00bbon\u00bb button_text_size=\u00bb14px\u00bb button_text_color=\u00bb#ffffff\u00bb button_bg_color=\u00bb#2b9cf2&#8243; button_border_width=\u00bb0px\u00bb button_border_radius=\u00bb100px\u00bb button_letter_spacing=\u00bb1px\u00bb button_font=\u00bbPoppins|600||on|||||\u00bb button_use_icon=\u00bboff\u00bb background_layout=\u00bbdark\u00bb custom_padding=\u00bb10px|30px|10px|30px\u00bb animation_style=\u00bbfade\u00bb box_shadow_style=\u00bbpreset3&#8243; box_shadow_vertical=\u00bb8px\u00bb box_shadow_color=\u00bbrgba(0,137,242,0.61)\u00bb button_letter_spacing_hover=\u00bb1px\u00bb button_text_size__hover_enabled=\u00bboff\u00bb button_one_text_size__hover_enabled=\u00bboff\u00bb button_two_text_size__hover_enabled=\u00bboff\u00bb button_text_color__hover_enabled=\u00bboff\u00bb button_one_text_color__hover_enabled=\u00bboff\u00bb button_two_text_color__hover_enabled=\u00bboff\u00bb button_border_width__hover_enabled=\u00bboff\u00bb button_one_border_width__hover_enabled=\u00bboff\u00bb button_two_border_width__hover_enabled=\u00bboff\u00bb button_border_color__hover_enabled=\u00bboff\u00bb button_one_border_color__hover_enabled=\u00bboff\u00bb button_two_border_color__hover_enabled=\u00bboff\u00bb button_border_radius__hover_enabled=\u00bboff\u00bb button_one_border_radius__hover_enabled=\u00bboff\u00bb button_two_border_radius__hover_enabled=\u00bboff\u00bb button_letter_spacing__hover_enabled=\u00bbon\u00bb button_letter_spacing__hover=\u00bb1px\u00bb button_one_letter_spacing__hover_enabled=\u00bboff\u00bb button_two_letter_spacing__hover_enabled=\u00bboff\u00bb button_bg_color__hover_enabled=\u00bboff\u00bb button_one_bg_color__hover_enabled=\u00bboff\u00bb button_two_bg_color__hover_enabled=\u00bboff\u00bb][\/et_pb_button][\/et_pb_column][et_pb_column type=\u00bb1_2&#8243; _builder_version=\u00bb3.25&#8243; custom_padding=\u00bb|||\u00bb custom_padding__hover=\u00bb|||\u00bb][et_pb_image src=\u00bbhttps:\/\/mentoring.com.bo\/wp-content\/uploads\/2020\/04\/Contacto.png\u00bb show_bottom_space=\u00bboff\u00bb align_tablet=\u00bbcenter\u00bb align_phone=\u00bb\u00bb align_last_edited=\u00bbon|desktop\u00bb _builder_version=\u00bb4.4.4&#8243; height=\u00bb330px\u00bb custom_margin=\u00bb-16px|||||\u00bb animation_style=\u00bbslide\u00bb animation_direction=\u00bbleft\u00bb animation_intensity_slide=\u00bb10%\u00bb][\/et_pb_image][\/et_pb_column][\/et_pb_row][\/et_pb_section][et_pb_section fb_built=\u00bb1&#8243; admin_label=\u00bbContact form field\u00bb _builder_version=\u00bb3.22&#8243; background_color=\u00bb#f8f7fc\u00bb custom_margin=\u00bb|||\u00bb custom_padding=\u00bb||100px|\u00bb][et_pb_row column_structure=\u00bb1_3,2_3&#8243; _builder_version=\u00bb3.25&#8243;][et_pb_column type=\u00bb1_3&#8243; _builder_version=\u00bb3.25&#8243; custom_padding=\u00bb|||\u00bb custom_padding__hover=\u00bb|||\u00bb][et_pb_blurb title=\u00bbDIRECCI\u00d3N\u00bb use_icon=\u00bbon\u00bb font_icon=\u00bb%%249%%\u00bb icon_color=\u00bb#604def\u00bb icon_placement=\u00bbleft\u00bb use_icon_font_size=\u00bbon\u00bb icon_font_size=\u00bb32px\u00bb admin_label=\u00bbaddress\u00bb _builder_version=\u00bb4.4.4&#8243; header_font=\u00bbPoppins|600||on|||||\u00bb header_font_size=\u00bb14px\u00bb header_line_height=\u00bb1.4em\u00bb body_font=\u00bb||||||||\u00bb body_font_size=\u00bb16px\u00bb body_line_height=\u00bb1.8em\u00bb custom_margin=\u00bb0px||54px||false|\u00bb custom_padding=\u00bb||0px|||\u00bb animation_style=\u00bbfade\u00bb]<\/p>\n<p bis_size=\"{&quot;x&quot;:11,&quot;y&quot;:25,&quot;w&quot;:309,&quot;h&quot;:72,&quot;abs_x&quot;:696,&quot;abs_y&quot;:388}\"><span style=\"font-size: 16px;\" bis_size=\"{&quot;x&quot;:11,&quot;y&quot;:27,&quot;w&quot;:302,&quot;h&quot;:67,&quot;abs_x&quot;:696,&quot;abs_y&quot;:390}\">Av. Illimani, Calle Jos\u00e9 Luis Calder\u00f3n 547, 2 Piso, Zona Miraflores.<\/span><\/p>\n<p bis_size=\"{&quot;x&quot;:11,&quot;y&quot;:25,&quot;w&quot;:309,&quot;h&quot;:72,&quot;abs_x&quot;:696,&quot;abs_y&quot;:388}\"><span style=\"font-size: 16px;\" bis_size=\"{&quot;x&quot;:11,&quot;y&quot;:27,&quot;w&quot;:302,&quot;h&quot;:67,&quot;abs_x&quot;:696,&quot;abs_y&quot;:390}\">La Paz-Bolivia<\/span><span style=\"font-size: 16px;\" bis_size=\"{&quot;x&quot;:60,&quot;y&quot;:75,&quot;w&quot;:3,&quot;h&quot;:19,&quot;abs_x&quot;:745,&quot;abs_y&quot;:438}\">\u00a0<\/span><\/p>\n<p>[\/et_pb_blurb][et_pb_blurb title=\u00bbn\u00fameros de contacto\u00bb use_icon=\u00bbon\u00bb font_icon=\u00bb%%264%%\u00bb icon_color=\u00bb#604def\u00bb icon_placement=\u00bbleft\u00bb use_icon_font_size=\u00bbon\u00bb icon_font_size=\u00bb32px\u00bb admin_label=\u00bbPhone number\u00bb _builder_version=\u00bb4.4.5&#8243; header_font=\u00bbPoppins|600||on|||||\u00bb header_font_size=\u00bb14px\u00bb header_line_height=\u00bb1.4em\u00bb body_font=\u00bb||||||||\u00bb body_font_size=\u00bb16px\u00bb body_line_height=\u00bb1.8em\u00bb min_height=\u00bb86px\u00bb custom_margin=\u00bb-25px|||||\u00bb custom_padding=\u00bb0px||0px|||\u00bb animation_style=\u00bbfade\u00bb animation_delay=\u00bb100ms\u00bb]<\/p>\n<p bis_size=\"{&quot;x&quot;:11,&quot;y&quot;:25,&quot;w&quot;:309,&quot;h&quot;:24,&quot;abs_x&quot;:72,&quot;abs_y&quot;:504}\">591 2 2902298<\/p>\n<p bis_size=\"{&quot;x&quot;:11,&quot;y&quot;:25,&quot;w&quot;:309,&quot;h&quot;:24,&quot;abs_x&quot;:72,&quot;abs_y&quot;:504}\">777 98 302<\/p>\n<p>[\/et_pb_blurb][et_pb_blurb title=\u00bbE-mail\u00bb use_icon=\u00bbon\u00bb font_icon=\u00bb%%238%%\u00bb icon_color=\u00bb#604def\u00bb icon_placement=\u00bbleft\u00bb use_icon_font_size=\u00bbon\u00bb icon_font_size=\u00bb32px\u00bb admin_label=\u00bbEmail\u00bb _builder_version=\u00bb4.4.5&#8243; header_font=\u00bbPoppins|600||on|||||\u00bb header_font_size=\u00bb14px\u00bb header_line_height=\u00bb1.4em\u00bb body_font=\u00bb||||||||\u00bb body_font_size=\u00bb16px\u00bb body_line_height=\u00bb1.8em\u00bb custom_padding=\u00bb||7px|||\u00bb animation_style=\u00bbfade\u00bb animation_delay=\u00bb200ms\u00bb hover_enabled=\u00bb0&#8243;]<\/p>\n<p bis_size=\"{&quot;x&quot;:11,&quot;y&quot;:25,&quot;w&quot;:309,&quot;h&quot;:24,&quot;abs_x&quot;:72,&quot;abs_y&quot;:504}\">info@mentoring.com.bo<\/p>\n<p>[\/et_pb_blurb][\/et_pb_column][et_pb_column type=\u00bb2_3&#8243; _builder_version=\u00bb3.25&#8243; custom_padding=\u00bb|||\u00bb custom_padding__hover=\u00bb|||\u00bb][et_pb_contact_form email=\u00bbinfo@mentoring.com.bo\u00bb custom_message=\u00bbNombre: %%Nombre%%||et_pb_line_break_holder||Celular: %%phone%%||et_pb_line_break_holder||Emai: %%Email%%||et_pb_line_break_holder||Req: %%Subject%%||et_pb_line_break_holder||Mensaje: %%Message%%\u00bb success_message=\u00bbEstimad@ Cliente@, si dentro de 24 horas, no nos hemos contactado con usted, le pedimos contactarse al Celular\/Whatsapp 77798302, agradeciendo su gentileza, desde ya que tenga un gran d\u00eda.\u00bb submit_button_text=\u00bbEnviar\u00bb module_id=\u00bbet_pb_contact_form_0&#8243; _builder_version=\u00bb4.4.5&#8243; form_field_background_color=\u00bbrgba(243,242,247,0)\u00bb form_field_font=\u00bb||||||||\u00bb form_field_font_size=\u00bb16px\u00bb custom_button=\u00bbon\u00bb button_text_size=\u00bb14px\u00bb button_text_color=\u00bb#ffffff\u00bb button_bg_color=\u00bb#2b9cf2&#8243; button_border_width=\u00bb8px\u00bb button_border_color=\u00bb#2b9cf2&#8243; button_border_radius=\u00bb100px\u00bb button_letter_spacing=\u00bb1px\u00bb button_font=\u00bbPoppins|600||on|||||\u00bb button_use_icon=\u00bboff\u00bb custom_margin=\u00bb|||\u00bb custom_padding=\u00bb||0px|||\u00bb border_radii=\u00bbon|5px|5px|5px|5px\u00bb border_width_all=\u00bb2px\u00bb border_color_all=\u00bbrgba(51,51,51,0.1)\u00bb input_border_radius=\u00bb0px\u00bb form_background_color=\u00bbrgba(243,242,247,0)\u00bb button_letter_spacing_hover=\u00bb1px\u00bb][et_pb_contact_field field_id=\u00bbNombre\u00bb field_title=\u00bbNombre\u00bb _builder_version=\u00bb4.4.5&#8243; form_field_font=\u00bb||||||||\u00bb use_border_color=\u00bbon\u00bb border_color=\u00bb#dddddd\u00bb border_width=\u00bb2px\u00bb input_border_radius=\u00bb100px\u00bb button_text_size__hover_enabled=\u00bboff\u00bb button_one_text_size__hover_enabled=\u00bboff\u00bb button_two_text_size__hover_enabled=\u00bboff\u00bb button_text_color__hover_enabled=\u00bboff\u00bb button_one_text_color__hover_enabled=\u00bboff\u00bb button_two_text_color__hover_enabled=\u00bboff\u00bb button_border_width__hover_enabled=\u00bboff\u00bb button_one_border_width__hover_enabled=\u00bboff\u00bb button_two_border_width__hover_enabled=\u00bboff\u00bb button_border_color__hover_enabled=\u00bboff\u00bb button_one_border_color__hover_enabled=\u00bboff\u00bb button_two_border_color__hover_enabled=\u00bboff\u00bb button_border_radius__hover_enabled=\u00bboff\u00bb button_one_border_radius__hover_enabled=\u00bboff\u00bb button_two_border_radius__hover_enabled=\u00bboff\u00bb button_letter_spacing__hover_enabled=\u00bboff\u00bb button_one_letter_spacing__hover_enabled=\u00bboff\u00bb button_two_letter_spacing__hover_enabled=\u00bboff\u00bb button_bg_color__hover_enabled=\u00bboff\u00bb button_one_bg_color__hover_enabled=\u00bboff\u00bb button_two_bg_color__hover_enabled=\u00bboff\u00bb][\/et_pb_contact_field][et_pb_contact_field field_id=\u00bbEmail\u00bb field_title=\u00bbMail\u00bb _builder_version=\u00bb4.4.5&#8243; form_field_font=\u00bb||||||||\u00bb use_border_color=\u00bbon\u00bb border_color=\u00bb#dddddd\u00bb border_width=\u00bb2px\u00bb input_border_radius=\u00bb100px\u00bb button_text_size__hover_enabled=\u00bboff\u00bb button_one_text_size__hover_enabled=\u00bboff\u00bb button_two_text_size__hover_enabled=\u00bboff\u00bb button_text_color__hover_enabled=\u00bboff\u00bb button_one_text_color__hover_enabled=\u00bboff\u00bb button_two_text_color__hover_enabled=\u00bboff\u00bb button_border_width__hover_enabled=\u00bboff\u00bb button_one_border_width__hover_enabled=\u00bboff\u00bb button_two_border_width__hover_enabled=\u00bboff\u00bb button_border_color__hover_enabled=\u00bboff\u00bb button_one_border_color__hover_enabled=\u00bboff\u00bb button_two_border_color__hover_enabled=\u00bboff\u00bb button_border_radius__hover_enabled=\u00bboff\u00bb button_one_border_radius__hover_enabled=\u00bboff\u00bb button_two_border_radius__hover_enabled=\u00bboff\u00bb button_letter_spacing__hover_enabled=\u00bboff\u00bb button_one_letter_spacing__hover_enabled=\u00bboff\u00bb button_two_letter_spacing__hover_enabled=\u00bboff\u00bb button_bg_color__hover_enabled=\u00bboff\u00bb button_one_bg_color__hover_enabled=\u00bboff\u00bb button_two_bg_color__hover_enabled=\u00bboff\u00bb][\/et_pb_contact_field][et_pb_contact_field field_id=\u00bbphone\u00bb field_title=\u00bbCelular\/Whatsapp\u00bb _builder_version=\u00bb4.4.5&#8243;][\/et_pb_contact_field][et_pb_contact_field field_id=\u00bbSubject\u00bb field_title=\u00bbRequerimiento\u00bb _builder_version=\u00bb4.4.5&#8243; form_field_font=\u00bb||||||||\u00bb custom_padding=\u00bb|||\u00bb border_radii=\u00bbon|5px|5px|5px|5px\u00bb use_border_color=\u00bbon\u00bb border_color=\u00bb#dddddd\u00bb border_width=\u00bb2px\u00bb input_border_radius=\u00bb100px\u00bb button_text_size__hover_enabled=\u00bboff\u00bb button_one_text_size__hover_enabled=\u00bboff\u00bb button_two_text_size__hover_enabled=\u00bboff\u00bb button_text_color__hover_enabled=\u00bboff\u00bb button_one_text_color__hover_enabled=\u00bboff\u00bb button_two_text_color__hover_enabled=\u00bboff\u00bb button_border_width__hover_enabled=\u00bboff\u00bb button_one_border_width__hover_enabled=\u00bboff\u00bb button_two_border_width__hover_enabled=\u00bboff\u00bb button_border_color__hover_enabled=\u00bboff\u00bb button_one_border_color__hover_enabled=\u00bboff\u00bb button_two_border_color__hover_enabled=\u00bboff\u00bb button_border_radius__hover_enabled=\u00bboff\u00bb button_one_border_radius__hover_enabled=\u00bboff\u00bb button_two_border_radius__hover_enabled=\u00bboff\u00bb button_letter_spacing__hover_enabled=\u00bboff\u00bb button_one_letter_spacing__hover_enabled=\u00bboff\u00bb button_two_letter_spacing__hover_enabled=\u00bboff\u00bb button_bg_color__hover_enabled=\u00bboff\u00bb button_one_bg_color__hover_enabled=\u00bboff\u00bb button_two_bg_color__hover_enabled=\u00bboff\u00bb][\/et_pb_contact_field][et_pb_contact_field field_id=\u00bbMessage\u00bb field_title=\u00bbMensaje\u00bb field_type=\u00bbtext\u00bb required_mark=\u00bboff\u00bb fullwidth_field=\u00bbon\u00bb _builder_version=\u00bb4.4.5&#8243; form_field_font=\u00bb||||||||\u00bb use_border_color=\u00bbon\u00bb border_color=\u00bb#dddddd\u00bb border_width=\u00bb2px\u00bb input_border_radius=\u00bb17px\u00bb button_text_size__hover_enabled=\u00bboff\u00bb button_one_text_size__hover_enabled=\u00bboff\u00bb button_two_text_size__hover_enabled=\u00bboff\u00bb button_text_color__hover_enabled=\u00bboff\u00bb button_one_text_color__hover_enabled=\u00bboff\u00bb button_two_text_color__hover_enabled=\u00bboff\u00bb button_border_width__hover_enabled=\u00bboff\u00bb button_one_border_width__hover_enabled=\u00bboff\u00bb button_two_border_width__hover_enabled=\u00bboff\u00bb button_border_color__hover_enabled=\u00bboff\u00bb button_one_border_color__hover_enabled=\u00bboff\u00bb button_two_border_color__hover_enabled=\u00bboff\u00bb button_border_radius__hover_enabled=\u00bboff\u00bb button_one_border_radius__hover_enabled=\u00bboff\u00bb button_two_border_radius__hover_enabled=\u00bboff\u00bb button_letter_spacing__hover_enabled=\u00bboff\u00bb button_one_letter_spacing__hover_enabled=\u00bboff\u00bb button_two_letter_spacing__hover_enabled=\u00bboff\u00bb button_bg_color__hover_enabled=\u00bboff\u00bb button_one_bg_color__hover_enabled=\u00bboff\u00bb button_two_bg_color__hover_enabled=\u00bboff\u00bb][\/et_pb_contact_field][\/et_pb_contact_form][\/et_pb_column][\/et_pb_row][\/et_pb_section]<\/p>\n","protected":false},"excerpt":{"rendered":"<p>Contactos Si estas interesado en saber como podemos ser un aliado estrat\u00e9gico en t\u00fa negocios, comun\u00edcate con nosotros, tenemos la seguridad que podemos ayudarte.Av. Illimani, Calle Jos\u00e9 Luis Calder\u00f3n 547, 2 Piso, Zona Miraflores. La Paz-Bolivia\u00a0591 2 2902298 777 98 302info@mentoring.com.bo<\/p>\n","protected":false},"author":1,"featured_media":0,"parent":0,"menu_order":0,"comment_status":"closed","ping_status":"closed","template":"","meta":{"_et_pb_use_builder":"on","_et_pb_old_content":"","_et_gb_content_width":"","footnotes":""},"class_list":["post-102","page","type-page","status-publish","hentry"],"_links":{"self":[{"href":"https:\/\/mentoring.com.bo\/index.php\/wp-json\/wp\/v2\/pages\/102","targetHints":{"allow":["GET"]}}],"collection":[{"href":"https:\/\/mentoring.com.bo\/index.php\/wp-json\/wp\/v2\/pages"}],"about":[{"href":"https:\/\/mentoring.com.bo\/index.php\/wp-json\/wp\/v2\/types\/page"}],"author":[{"embeddable":true,"href":"https:\/\/mentoring.com.bo\/index.php\/wp-json\/wp\/v2\/users\/1"}],"replies":[{"embeddable":true,"href":"https:\/\/mentoring.com.bo\/index.php\/wp-json\/wp\/v2\/comments?post=102"}],"version-history":[{"count":20,"href":"https:\/\/mentoring.com.bo\/index.php\/wp-json\/wp\/v2\/pages\/102\/revisions"}],"predecessor-version":[{"id":1271,"href":"https:\/\/mentoring.com.bo\/index.php\/wp-json\/wp\/v2\/pages\/102\/revisions\/1271"}],"wp:attachment":[{"href":"https:\/\/mentoring.com.bo\/index.php\/wp-json\/wp\/v2\/media?parent=102"}],"curies":[{"name":"wp","href":"https:\/\/api.w.org\/{rel}","templated":true}]}}